 o(7).
2
Suppose 0 = -24*d - 2*d + 1924. What is the remainder when d is divided by 22?
8
Let n = 558 + -551. Suppose p = 1, q + 5*p + 2 = -0*p. Let z = q - -11. What is the remainder when n is divided by z?
3
Suppose -25 + 125 = 10*j. What is the remainder when 43 is divided by j?
3
Let x(t) = -t**2 - 9*t - 18. Let i be x(-8). What is the remainder when 61 is divided by 30*1*(-6)/i?
7
What is the remainder when 47 is divided by 0 - -6 - 6/3 - -21?
22
Suppose 1707*p = 1717*p - 110. Let q(r) = 3*r**2 - 8*r + 7. What is the remainder when q(5) is divided by p?
9
Let z(r) = -2*r**2 - 21*r + 40. What is the remainder when 450 is divided by z(-12)?
2
Suppose -3*w + 12 = -0*w, -3*i + 37 = -5*w. Suppose 3*g - i = -7. Let y(d) = d + 7. Calculate the remainder when 32 is divided by y(g).
10
Suppose 2*o - h - 87 = 0, 25*h - 180 = -5*o + 20*h. Calculate the remainder when 113 is divided by o.
31
Suppose 358 = -b + 423. What is the remainder when 2729 is divided by b?
64
Suppose 288 = 3*g - 0*g. Suppose -2*v = -6, -4*v + g = 5*s + 24. Calculate the remainder when 23 is divided by s.
11
Suppose -3 = -3*y + 6. Suppose -8*a = y*i - 3*a + 6, i + 2 = -3*a. Let h = 12 + i. What is the remainder when 16 is divided by h?
6
Suppose -5*t + 5*r = -35, 5*t + 0*r = -r + 23. Suppose 118 = t*z - b, 5 + 3 = 4*b. Calculate the remainder when z is divided by 7.
3
Suppose 0 = -g - 4*r + 1 + 26, 0 = 5*g - 3*r - 135. Suppose 4*f - 2*n = 106, -f + 0*n + g = -n. What is the remainder when f is divided by 14?
12
Let a(g) = 2*g**2 - 42*g + 114. What is the remainder when 259 is divided by a(19)?
31
Let i(k) = 132*k**2 + k. Let v be i(1). Let r be ((315/(-27))/5)/((-2)/(-72)). Let n = v + r. What is the remainder when n is divided by 13?
10
Let b(t) = -3*t**3 - 9*t**2 + t - 2. Calculate the remainder when b(-4) is divided by 9.
6
Let m(z) = -9*z**2 + 4*z - 4. Let w be m(2). Let u = 67 + w. Calculate the remainder when 136 is divided by u.
31
Let x be -8*-10*(-2)/(-16). Let i(n) = -n**2 + 10*n + 11. Calculate the remainder when i(x) is divided by 8.
3
Suppose -v + 83 = i, -12*i + 412 = 5*v - 10*i. What is the remainder when v is divided by 27?
1
Let y be (-8)/4 + (5 - (2 + 1)). Suppose y = 3*v - v - 28. Calculate the remainder when 81 is divided by v.
11
Suppose -7*h = -4*h + i - 63, -h = 3*i - 13. Calculate the remainder when 64 is divided by h.
20
Suppose -16 + 112 = 12*k. Let j(s) = s**3 + 4*s**2 + 3. What is the remainder when k is divided by j(-4)?
2
Suppose -2*n - 6 = -0. Let f(v) = -v**3 - 37*v**2 + 37*v - 26. What is the remainder when 43/1 - (1 + n) is divided by f(-38)?
9
Suppose -c + 3*c + 225 = -3*s, 5*c + 567 = -3*s. Let z = -75 - c. What is the remainder when z is divided by -8 - (54/(-2) - -11)?
7
Suppose 4*d + d + 4*g = 30, 2*d - 30 = 2*g. Suppose -43 - 15 = -4*y - 5*c, y - 10 = c. What is the remainder when y is divided by d?
2
Let q = 25 - 20. Suppose 2*k - q*k + 522 = 0. Suppose -a - k = -2*p - 2*a, 3*p = 5*a + 261. Calculate the remainder when p is divided by 22.
21
Let q = 754 + -693. What is the remainder when 358 is divided by q?
53
Let h be (-3)/5 - 21/(-35). Suppose h = -8*x + 2*x + 150. What is the remainder when 99 is divided by x?
24
Suppose 563 = 2*i + 5*c, 2*i + c - 556 = 3*c. What is the remainder when i is divided by 47?
44
Let j(a) = 36*a + 330. Calculate the remainder when 200 is divided by j(-8).
32
Suppose -6*j + 29 - 5 = 0. Suppose -100 = -j*p + 4*s, -5*p - 2*s + 137 = -s. What is the remainder when 51 is divided by p?
24
Let t = -5 + 14. Calculate the remainder when 12 is divided by (-40)/12*t/(-6).
2
Suppose -6*p = -2*p + 5*o - 47, -p - 5*o = -23. What is the remainder when p is divided by 2?
0
Let v(q) = 26*q - 123. Calculate the remainder when 15 is divided by v(5).
1
Let n(j) = -46 - 2*j**3 + j**3 - j**2 - j + 43 - 2*j**3. Calculate the remainder when 72 is divided by n(-2).
15
Suppose -2*b + 19*y - 16*y + 24 = 0, -2*b - 5*y + 24 = 0. Suppose 3*x + x - 180 = 0. What is the remainder when x is divided by b?
9
Let k = -285 - -358. What is the remainder when 435 is divided by k?
70
Let f(b) = -b**2 + 6. Let d = -15 - -15. Let q be f(d). Suppose -w = 3*j - 7, 2*w - 4*j = q*w - 60. Calculate the remainder when 35 is divided by w.
16
Let o be -2*5/10*-6. Let c(a) = -a**2 + 10*a - 18. What is the remainder when 27 is divided by c(o)?
3
Let s(j) = -4*j - 1. Let v be s(-2). Suppose v*d - 27 = 10*d. Let c = d + 14. What is the remainder when c is divided by 2?
1
Suppose 7 - 7 = -13*o. Suppose -5*j - 3*q + 44 = o, -4*j - 5*q + 18 = -12. Calculate the remainder when 47 is divided by j.
7
Let c(a) = 5*a**2 - 15*a - 4. Calculate the remainder when c(-4) is divided by 48.
40
Let l(a) = a**2 + 2*a - 3. Let z(o) = o**2 - o - 25. Let m be z(0). Let j = m + 108. Calculate the remainder when j is divided by l(-6).
20
Let y(o) = 5*o**3 - 2*o**2 + o. Suppose x = -t + 6, -x + t + 4*t + 6 = 0. What is the remainder when y(2) is divided by x?
4
Let s = 20 + -16. Suppose 4*a = -4, -4*q + s*a + 146 = 42. Let x(o) = -o**3 + 8*o**2 + 10. What is the remainder when q is divided by x(8)?
5
Let k be -3 + (0 + -10)/(-2). Suppose -r = -2*r + 3*z - 4, r - z = -k. Let i = r - -9. Calculate the remainder when 15 is divided by i.
7
Let d(r) = -r**3 + 13*r**2 - 14*r + 17. Let a be d(12). Let l = 13 + a. Calculate the remainder when 15 is divided by l.
3
Let a(z) = 9*z - 36. Let h be a(5). Suppose 4*m + 892 = 4*x, 0 = -4*x - h*m + 8*m + 912. What is the remainder when x is divided by 23?
20
Let u(h) = 5*h**3 - 12*h**2 + h + 3. Let s be u(5). Suppose 3*q + 4*b - 401 = 0, -3*b + s - 64 = 2*q. What is the remainder when q is divided by 32?
31
Let l(f) = 253*f**2 - 9*f + 9. What is the remainder when l(1) is divided by 25?
3
Let y be (-1)/(-2)*(3 - 3). Suppose z - 5*z + 36 = y. What is the remainder when 26 is divided by z?
8
Let z(q) = 4*q + 38. Suppose -5*p + 28 = -4*p. What is the remainder when p is divided by z(-8)?
4
Suppose -60*g + 2725 = 565. Suppose 0 = -6*c + 3*c + 39. Calculate the remainder when g is divided by c.
10
Let h(i) = 4*i**2 + i - 8. Calculate the remainder when h(7) is divided by 11.
8
Let j be (2/(-10))/(17/(-170)). Suppose -4*d - 6 = j*k, d - 4*d - 7 = k. What is the remainder when 34 is divided by k?
4
Suppose 2*m - 5 = m. Suppose 0 = -m*w + w + 20. Suppose 0 = 5*i - 2*p - 86, p + 80 = 4*i + 5*p. Calculate the remainder when i is divided by w.
3
Let v = 139 + -116. What is the remainder when 68 is divided by v?
22
Suppose -4*o - 2*a = -3*a + 2, -5*a - 14 = 4*o. Let p be 3 - ((0 - o) + -2). Let v(d) = 5*d - 4. Calculate the remainder when 62 is divided by v(p).
14
Let m = -487 + 482. Suppose -15 = 2*o - 3*o + 2*c, 0 = c. What is the remainder when (-22 - -1)*m/o is divided by 4?
3
Let t(s) = -10*s + 11. What is the remainder when 60 is divided by t(-1)?
18
Let u = 306 + 2. Suppose -13*w + u = -11*w. What is the remainder when w is divided by 12?
10
Let s be (0 - (-4)/16)*-4. Calculate the remainder when 76 is divided by 13/3*(s + 4).
11
Calculate the remainder when 114 is divided by (-184)/(-6) + 18/54.
21
Let r(u) be the third derivative of u**5/30 + u**4/12 + 4*u**3/3 - 6*u**2. What is the remainder when 34 is divided by r(-2)?
10
Suppose -4*j + 541 - 35 = 3*o, -5*o - 4*j + 830 = 0. What is the remainder when o is divided by 39?
6
Suppose -20 = 3*n + 4. Let u be (-9)/(-12) - 498/n. What is the remainder when u/(4/(4 + 0)) is divided by 13?
11
Calculate the remainder when 2412/(-16)*164/(-123) is divided by 98.
5
Let s be (-2)/9 - (-2125)/45. Suppose -c + s = 2*f, 4*c + 5*f - 121 = 67. Calculate the remainder when c is divided by 6.
5
Let x be ((-3)/(-2))/((-6)/(-8)). Suppose -j - 2*g = -x, -3*j + 3*g - 6*g + 21 = 0. Calculate the remainder when -4 + 0 - -3 - -2*17 is divided by j.
9
Suppose 2*q - 53 = -3*s, -11*s + 145 = 5*q - 6*s. What is the remainder when -1*101*-1 + -1 is divided by q?
32
Let r(d) = -d**3 - 2*d**2 + 6*d - 17. What is the remainder when 99 is divided by r(-5)?
15
Calculate the remainder when 155 is divided by ((-6)/5)/((-1806)/(-455) - 4).
38
Let h(g) = 2*g**2 + g - 2. Let v = -3 - 0. Suppose 12726*s - 504 = 12718*s. Calculate the remainder when s is divided by h(v).
11
Suppose -j - 8*j = -63. Let a(d) = -d**3 + 9*d**2 - 15*d + 16. 